{"id":1683,"date":"2020-06-25T09:58:19","date_gmt":"2020-06-25T07:58:19","guid":{"rendered":"https:\/\/www.surveillance-studies.org\/zurawski\/?page_id=1683"},"modified":"2023-07-11T17:36:22","modified_gmt":"2023-07-11T15:36:22","slug":"videos","status":"publish","type":"page","link":"https:\/\/www.surveillance-studies.org\/zurawski\/?page_id=1683","title":{"rendered":"Videos"},"content":{"rendered":"\n<figure class=\"wp-block-embed is-type-video is-provider-youtube wp-block-embed-youtube wp-embed-aspect-16-9 wp-has-aspect-ratio\"><div class=\"wp-block-embed__wrapper\">\n<iframe loading=\"lazy\" title=\"Video\u00fcberwachung: Sicherheit \u00fcber Privatsph\u00e4re? I 13 Fragen I unbubble\" width=\"525\" height=\"295\" src=\"https:\/\/www.youtube.com\/embed\/NnZkn-IDWZs?feature=oembed\" frameborder=\"0\" allow=\"accelerometer; autoplay; clipboard-write; encrypted-media; gyroscope; picture-in-picture; web-share\" referrerpolicy=\"strict-origin-when-cross-origin\" allowfullscreen><\/iframe>\n<\/div><\/figure>\n\n\n\n<figure class=\"wp-block-embed is-type-video is-provider-youtube wp-block-embed-youtube wp-embed-aspect-16-9 wp-has-aspect-ratio\"><div class=\"wp-block-embed__wrapper\">\n<iframe loading=\"lazy\" title=\"Stadt &amp; Vielfalt. Internationale Perspektiven: Spanien\" width=\"525\" height=\"295\" src=\"https:\/\/www.youtube.com\/embed\/9eZ1SVNTvQk?feature=oembed\" frameborder=\"0\" allow=\"accelerometer; autoplay; clipboard-write; encrypted-media; gyroscope; picture-in-picture; web-share\" referrerpolicy=\"strict-origin-when-cross-origin\" allowfullscreen><\/iframe>\n<\/div><\/figure>\n\n\n\n<figure class=\"wp-block-embed is-type-video is-provider-youtube wp-block-embed-youtube wp-embed-aspect-16-9 wp-has-aspect-ratio\"><div class=\"wp-block-embed__wrapper\">\n<iframe loading=\"lazy\" title=\"Dr. habil. Nils Zurawski: &quot;In der Stadtgestaltung werden Konflikte nicht mitgedacht!&quot;\" width=\"525\" height=\"295\" src=\"https:\/\/www.youtube.com\/embed\/OZcESbnqjiQ?feature=oembed\" frameborder=\"0\" allow=\"accelerometer; autoplay; clipboard-write; encrypted-media; gyroscope; picture-in-picture; web-share\" referrerpolicy=\"strict-origin-when-cross-origin\" allowfullscreen><\/iframe>\n<\/div><\/figure>\n\n\n\n<figure class=\"wp-block-embed is-type-video is-provider-youtube wp-block-embed-youtube wp-embed-aspect-16-9 wp-has-aspect-ratio\"><div class=\"wp-block-embed__wrapper\">\n<iframe loading=\"lazy\" title=\"Digitaler Salon: Score me maybe?\" width=\"525\" height=\"295\" src=\"https:\/\/www.youtube.com\/embed\/kusnwYm9wMI?feature=oembed\" frameborder=\"0\" allow=\"accelerometer; autoplay; clipboard-write; encrypted-media; gyroscope; picture-in-picture; web-share\" referrerpolicy=\"strict-origin-when-cross-origin\" allowfullscreen><\/iframe>\n<\/div><\/figure>\n\n\n\n<figure class=\"wp-block-embed is-type-video is-provider-youtube wp-block-embed-youtube wp-embed-aspect-16-9 wp-has-aspect-ratio\"><div class=\"wp-block-embed__wrapper\">\n<iframe loading=\"lazy\" title=\"Wahnsinn trifft Methode - 1. Teil der Trilogie FREI.K\u00f6rper.Kultur\" width=\"525\" height=\"295\" src=\"https:\/\/www.youtube.com\/embed\/wnf6E7dfWLw?feature=oembed\" frameborder=\"0\" allow=\"accelerometer; autoplay; clipboard-write; encrypted-media; gyroscope; picture-in-picture; web-share\" referrerpolicy=\"strict-origin-when-cross-origin\" allowfullscreen><\/iframe>\n<\/div><\/figure>\n\n\n\n<figure class=\"wp-block-embed is-type-video is-provider-youtube wp-block-embed-youtube wp-embed-aspect-16-9 wp-has-aspect-ratio\"><div class=\"wp-block-embed__wrapper\">\n<iframe loading=\"lazy\" title=\"Nils Zurawski at IMAGES OF SURVEILLANCE at the Goethe-Institut New York\" width=\"525\" height=\"295\" src=\"https:\/\/www.youtube.com\/embed\/wKMOQL5-6i0?feature=oembed\" frameborder=\"0\" allow=\"accelerometer; autoplay; clipboard-write; encrypted-media; gyroscope; picture-in-picture; web-share\" referrerpolicy=\"strict-origin-when-cross-origin\" allowfullscreen><\/iframe>\n<\/div><\/figure>\n\n\n\n<figure class=\"wp-block-embed is-type-video is-provider-youtube wp-block-embed-youtube wp-embed-aspect-16-9 wp-has-aspect-ratio\"><div class=\"wp-block-embed__wrapper\">\n<iframe loading=\"lazy\" title=\"Nils Zurawski - &quot;Eine kleine Soziologie der Geheimdienste&quot;\" width=\"525\" height=\"295\" src=\"https:\/\/www.youtube.com\/embed\/KsDHugvCQ_Y?feature=oembed\" frameborder=\"0\" allow=\"accelerometer; autoplay; clipboard-write; encrypted-media; gyroscope; picture-in-picture; web-share\" referrerpolicy=\"strict-origin-when-cross-origin\" allowfullscreen><\/iframe>\n<\/div><\/figure>\n\n\n\n<div class=\"wp-block-group\"><div class=\"wp-block-group__inner-container is-layout-flow wp-block-group-is-layout-flow\">\n<figure><iframe loading=\"lazy\" src=\"https:\/\/lecture2go.uni-hamburg.de\/lecture2go-portlet\/player\/iframe\/?v=15521\" allowfullscreen=\"\" width=\"647\" height=\"373\"><\/iframe><\/figure>\n<\/div><\/div>\n\n\n\n<figure class=\"wp-block-embed is-type-video is-provider-youtube wp-block-embed-youtube wp-embed-aspect-4-3 wp-has-aspect-ratio\"><div class=\"wp-block-embed__wrapper\">\n<iframe loading=\"lazy\" title=\"Rede von Nils Zurawski vom 31.5.2008\" width=\"525\" height=\"394\" src=\"https:\/\/www.youtube.com\/embed\/8AfCFb1fSPs?start=1&#038;feature=oembed\" frameborder=\"0\" allow=\"accelerometer; autoplay; clipboard-write; encrypted-media; gyroscope; picture-in-picture; web-share\" referrerpolicy=\"strict-origin-when-cross-origin\" allowfullscreen><\/iframe>\n<\/div><figcaption>2008 auf einer Veranstaltung des AK Vorrat auf dem Hamburger G\u00e4nsemarkt:<\/figcaption><\/figure>\n","protected":false},"excerpt":{"rendered":"","protected":false},"author":1,"featured_media":0,"parent":1609,"menu_order":0,"comment_status":"closed","ping_status":"closed","template":"","meta":{"footnotes":""},"class_list":["post-1683","page","type-page","status-publish","hentry"],"_links":{"self":[{"href":"https:\/\/www.surveillance-studies.org\/zurawski\/index.php?rest_route=\/wp\/v2\/pages\/1683","targetHints":{"allow":["GET"]}}],"collection":[{"href":"https:\/\/www.surveillance-studies.org\/zurawski\/index.php?rest_route=\/wp\/v2\/pages"}],"about":[{"href":"https:\/\/www.surveillance-studies.org\/zurawski\/index.php?rest_route=\/wp\/v2\/types\/page"}],"author":[{"embeddable":true,"href":"https:\/\/www.surveillance-studies.org\/zurawski\/index.php?rest_route=\/wp\/v2\/users\/1"}],"replies":[{"embeddable":true,"href":"https:\/\/www.surveillance-studies.org\/zurawski\/index.php?rest_route=%2Fwp%2Fv2%2Fcomments&post=1683"}],"version-history":[{"count":11,"href":"https:\/\/www.surveillance-studies.org\/zurawski\/index.php?rest_route=\/wp\/v2\/pages\/1683\/revisions"}],"predecessor-version":[{"id":2379,"href":"https:\/\/www.surveillance-studies.org\/zurawski\/index.php?rest_route=\/wp\/v2\/pages\/1683\/revisions\/2379"}],"up":[{"embeddable":true,"href":"https:\/\/www.surveillance-studies.org\/zurawski\/index.php?rest_route=\/wp\/v2\/pages\/1609"}],"wp:attachment":[{"href":"https:\/\/www.surveillance-studies.org\/zurawski\/index.php?rest_route=%2Fwp%2Fv2%2Fmedia&parent=1683"}],"curies":[{"name":"wp","href":"https:\/\/api.w.org\/{rel}","templated":true}]}}